
In base 9, what is -2548 - 187?
-2746
In base 5, what is -3 - 42120200?
-42120203
In base 16, what is 3 - -29d4?
29d7
In base 9, what is 2661 + 3?
2664
In base 12, what is -19 + 3ba?
3a1
In base 2, what is 11001101000 + 10?
11001101010
In base 16, what is -3 + -3c1e0?
-3c1e3
In base 13, what is 210 + 356?
566
In base 4, what is 30133 - -131112?
221311
In base 10, what is 10 + -161?
-151
In base 4, what is -202202 + -1013?
-203221
In base 9, what is 25133 + -5?
25127
In base 16, what is 1834 - -114?
1948
In base 15, what is 1 - -bc16?
bc17
In base 12, what is 8476 + -1?
8475
In base 2, what is 10 + -1111100000?
-1111011110
In base 10, what is -1877897 - 1?
-1877898
In base 9, what is -8525005 + 5?
-8525000
In base 15, what is -3 + aa61?
aa5d
In base 8, what is -536 - -1571?
1033
In base 10, what is 5 - 410148?
-410143
In base 4, what is -2 + 2222223?
2222221
In base 2, what is -110011 - 101101100000?
-101110010011
In base 13, what is 1 + -2a0752?
-2a0751
In base 12, what is 36b9 + 0?
36b9
In base 11, what is -54708 + -4?
-54711
In base 15, what is b60 + -11d?
a42
In base 7, what is 1016160 + 3?
1016163
In base 5, what is 1121 + -433410?
-432234
In base 14, what is -1 + 2b9a?
2b99
In base 16, what is 3 + 43b36?
43b39
In base 11, what is -5 - -229?
224
In base 16, what is -7 + 1545?
153e
In base 9, what is 500621 + 5?
500626
In base 12, what is -12236 + -1?
-12237
In base 6, what is 121533 + -4?
121525
In base 3, what is 20001 + 2122110?
2212111
In base 6, what is -4 - -5253543?
5253535
In base 3, what is 2220220012 - -10?
2220220022
In base 16, what is f7 - 19b?
-a4
In base 3, what is -1020 - -1112220?
1111200
In base 13, what is 37a + -b5?
295
In base 7, what is -3 - 166020?
-166023
In base 8, what is -1 - 3405033?
-3405034
In base 16, what is -4 - -1fc1?
1fbd
In base 15, what is 1 + -1877?
-1876
In base 16, what is -3 + -1c507?
-1c50a
In base 16, what is -29 + d7a?
d51
In base 11, what is -1442 + 925?
-618
In base 12, what is -193 - -1a4?
11
In base 16, what is -53 + e9?
96
In base 4, what is 112113112 - 10?
112113102
In base 9, what is 1 - 248182?
-248181
In base 3, what is 11 - 22001010?
-22000222
In base 4, what is 10 + 12013100?
12013110
In base 16, what is -1 - 8a1b?
-8a1c
In base 16, what is 3aaf + 0?
3aaf
In base 11, what is -29583 - -a?
-29574
In base 3, what is 111011220 + 12?
111012002
In base 2, what is 1000000110011100 - 0?
1000000110011100
In base 15, what is -2545 + 14?
-2531
In base 7, what is -50126 + -2?
-50131
In base 5, what is 1123300033 + -4?
1123300024
In base 9, what is -2 + 206765?
206763
In base 8, what is 5200 + -62?
5116
In base 3, what is -2210101000 + 111?
-2210100112
In base 14, what is 38 + -ab93?
-ab59
In base 11, what is -26 + 68?
42
In base 2, what is -10101 + 1010100101100110?
1010100101010001
In base 14, what is -37d - 18?
-397
In base 9, what is -32063 + 1?
-32062
In base 7, what is -5 - 336331?
-336336
In base 4, what is 2021 + -123130?
-121103
In base 14, what is 32b4 - -1?
32b5
In base 9, what is -52700 - -3?
-52686
In base 4, what is 20212 + 22?
20300
In base 6, what is -131114 + -4?
-131122
In base 7, what is -1500 - 11?
-1511
In base 7, what is 40 + -460555?
-460515
In base 6, what is -3 + 1445311?
1445304
In base 10, what is 5 + 45136?
45141
In base 12, what is 5 - -391984?
391989
In base 12, what is -2 - 24a121?
-24a123
In base 7, what is -1 + -30002?
-30003
In base 5, what is 210 + 4030?
4240
In base 7, what is 10 + 11436?
11446
In base 7, what is 20150 + 4?
20154
In base 8, what is -330356 + -1?
-330357
In base 4, what is 13012 - -200011?
213023
In base 9, what is 50041 - -3?
50044
In base 5, what is -133 - -13044?
12411
In base 3, what is 1 - -101?
102
In base 15, what is 2a + -607?
-5cc
In base 16, what is -233 + -174d?
-1980
In base 5, what is -21210 + -4020?
-30230
In base 4, what is -1 + -103012301?
-103012302
In base 6, what is 3 + -25302?
-25255
In base 15, what is -110 - -2b?
-d4
In base 9, what is 720 + -47?
662
In base 8, what is 1 + 1064075?
1064076
In base 5, what is -22221 + 10232?
-11434
In base 4, what is 2000320012 + -1?
2000320011
In base 14, what is -542 - -5a0?
5c
In base 8, what is -1746554 + 1?
-1746553
In base 16, what is 3f - 29a6?
-2967
In base 13, what is -12cb - -16a?
-1161
In base 15, what is 1 - 20e2c?
-20e2b
In base 3, what is -1010 - -1002200?
1001120
In base 9, what is -16 - -183?
166
In base 13, what is -50 + -322b4?
-32334
In base 10, what is 5 - -62376?
62381
In base 8, what is 645 - 3346?
-2501
In base 14, what is 26 + -aac0?
-aa98
In base 14, what is -217 - -25?
-1d2
In base 16, what is 8ba + -119?
7a1
In base 9, what is 4 + 8570?
8574
In base 6, what is -401 + -1113?
-1514
In base 14, what is a - 133ad?
-133a3
In base 16, what is 28 + -71e?
-6f6
In base 9, what is 3 - 274341?
-274337
In base 7, what is 10 - -115412?
115422
In base 16, what is -55 - -8ca?
875
In base 6, what is -141 - -3023?
2442
In base 12, what is -427 + 250?
-197
In base 11, what is -9 - -6128?
611a
In base 13, what is -448b - 24?
-44b2
In base 2, what is 10101100000001 - 10011?
10101011101110
In base 14, what is 136c - -3a?
13a8
In base 4, what is -231011313 - 0?
-231011313
In base 16, what is -2f2c38 - -4?
-2f2c34
In base 16, what is 36de9 - -6?
36def
In base 5, what is -24324 - -43?
-24231
In base 10, what is 9 - 1354?
-1345
In base 6, what is -4 + -252314?
-252322
In base 8, what is 2111 - -46?
2157
In base 10, what is 18604 - -74?
18678
In base 13, what is -28407 - -2?
-28405
In base 16, what is -92 - -58?
-3a
In base 4, what is 13 + 22011?
22030
In base 16, what is 7 - -4ea0?
4ea7
In base 4, what is -1111 - -200202?
133031
In base 8, what is -13625 + 2?
-13623
In base 9, what is -3 + -64403?
-64406
In base 6, what is -20 - 32224?
-32244
In base 3, what is 10200000 - -2021?
10202021
In base 4, what is 3020 + -1020022?
-1011002
In base 5, what is 12 + -1303120?
-1303103
In base 7, what is -2220 - 1005?
-3225
In base 9, what is 1122 + -660?
352
In base 16, what is 47 - -99e?
9e5
In base 15, what is e63 - 92?
dc1
In base 15, what is -d4a + -4c?
-d97
In base 11, what is 7 + 2593?
259a
In base 2, what is -1110110001101 - 11101?
-1110110101010
In base 11, what is 27a7 + -55?
2752
In base 10, what is -623 - 29?
-652
In base 3, what is 100102112121 - 0?
100102112121
In base 9, what is -15 - 140840?
-140855
In base 13, what is -911c3 + 2?
-911c1
In base 14, what is -5a - -2016?
1d9a
In base 10, what is 2663 + -32?
2631
In base 15, what is -2a + 2bd?
293
In base 14, what is -5 - 7d38?
-7d3d
In base 13, what is 0 + 9843a?
9843a
In base 2, what is 110101 - -110000010101?
110001001010
In base 2, what is -100100001100101000 - -1?
-100100001100100111
In base 12, what is 688 - 1425?
-959
In base 7, what is 145 - -1264?
1442
In base 6, what is 3043513 + -4?
3043505
In base 13, what is -2 - -82464?
82462
In base 13, what is -12 + c8aa?
c898
In base 11, what is 15a45 + 5?
15a4a
In base 16, what is 4 + 9d6c?
9d70
In base 9, what is 786 - 488?
287
In base 6, what is -15145 - 22?
-15211
In base 15, what is 4 + 2543e?
25443
In base 3, what is 1102 - -111122?
120001
In base 16, what is 0 + -318c9?
-318c9
In base 16, what is 276 + 3cf?
645
In base 8, what is -13753 + -4?
-13757
In base 16, what is 1 + 2ebb4?
2ebb5
In base 9, what is -332 + 226?
-105
In base 2, what is 1000 - 1101100001100?
-1101100000100
In base 6, what is -25033 - 1220?
-30253
In base 8, what is -130 - 603?
-733
In base 2, what is 111111010100000 + 101110?
111111011001110
In base 8, what is -406664 - -2?
-406662
In base 14, what is -cc73 + 27?
-cc4a
In base 8, what is 4713 - -115?
5030
In base 9, what is 48188 - 6?
48182
In base 2, what is 100110010111 - 110101?
100101100010
In base 7, what is 10350201 - -2?
10350203
In base 4, what is -10231313 - 130?
-10232103
In base 14, what is -28 - 824b?
-8275
In base 12, what is 17 + 4360?
4377
In base 2, what is -101 + -10111010111010?
-10111010111111
In base 16, what is 2bda2 + -5?
2bd9d
In base 8, what is 12054 - -37?
12113
In base 13, what is 81 + bb4?
c65
In base 15, what is -642e - -19?
-6415
In base 10, what is 1 + -140841?
-140840
In base 12, what is -3a38 - 42?
-3a7a
In base 5, what is 2320 - -30?
2400
In base 12, what is 2 - 743?
-741
In base 16, what is -2 - -84e0?
84de
In base 10, what 